{"id":915,"date":"2018-04-04T19:30:57","date_gmt":"2018-04-04T17:30:57","guid":{"rendered":"https:\/\/oldehanhoff.nl\/?page_id=915"},"modified":"2018-04-23T20:25:32","modified_gmt":"2018-04-23T18:25:32","slug":"kolmarden-zoo","status":"publish","type":"page","link":"https:\/\/oldehanhoff.nl\/?page_id=915","title":{"rendered":"Kolmarden Zoo"},"content":{"rendered":"<p><img loading=\"lazy\" decoding=\"async\" src=\"https:\/\/oldehanhoff.nl\/wp-content\/uploads\/2018\/04\/Kolm\u00c3\u00a5rden_Kolm\u00c3\u00a5rdens_djurpark-1.jpg\" alt=\"\" width=\"1754\" height=\"1165\"><\/p>\n<p>&nbsp;<\/p>\n<p>Kolm\u00e5rden Zoo is een grote dierentuin in Zweden, ongeveer 18 kilometer ten noorden van Norrk\u00f6ping bij de plaats Krokek in het gelijknamige bosachtige gebied Kolm\u00e5rden.<\/p>\n<p>De dierentuin werd op 27 mei 1965 door de oprichter Ulf Svensson geopend en is met 172 hectare \u00e9\u00e9n van de grotere dierentuinen van Europa en de grootste van Scandinavi\u00eb.<\/p>\n<p><a href=\"https:\/\/oldehanhoff.nl\/wp-content\/uploads\/2018\/04\/Kolmarden-map.jpg\" data-rel=\"lightbox-image-0\" data-rl_title=\"\" data-rl_caption=\"\" title=\"\"><img loading=\"lazy\" decoding=\"async\" src=\"https:\/\/oldehanhoff.nl\/wp-content\/uploads\/2018\/04\/Kolmarden-map.jpg\" alt=\"\" width=\"1571\" height=\"987\"><\/a><\/p>\n<p>Het park bestaat uit diverse interessante gedeeltes, waaronder een groot safaripark, een dolfinarium en een Tropicarium.<br \/>\nVerder worden er dagelijks verschillende shows gegeven en zijn er voor het vermaak ook verschillende attracties in het park te vinden.<\/p>\n<p><strong>Shows &amp; Attracties:<\/strong><\/p>\n<ul>\n<li>Dolfinarium<\/li>\n<li>Safaripark<\/li>\n<li>Roofvogelshow<\/li>\n<li>Kabelbaan (30 minuten durende safari rit over verschillende verblijven)<\/li>\n<li>Delfinexpressen (Vekoma Junior Coaster)<\/li>\n<li>Sj\u00f6r\u00f6varskeppet (Schommelschip)<\/li>\n<li><a href=\"https:\/\/oldehanhoff.nl\/?page_id=1408\">Wildfire<\/a> (Rocky Mountain Construction hybrid coaster &#8211; Opening Juni 2016)<\/li>\n<\/ul>\n<p>Meer info over het park, zoals toegangsprijzen en openingstijden vind je op de website van het park, net als hoe je het beste bij het park kunt komen en eventuele verblijfsmogelijkheden.<\/p>\n<p>De website: <a href=\"http:\/\/www.kolmarden.com\/\" target=\"_blank\" rel=\"noopener\">http:\/\/www.kolmarden.com\/<\/a><\/p>\n<p><img loading=\"lazy\" decoding=\"async\" src=\"https:\/\/oldehanhoff.nl\/wp-content\/uploads\/2018\/04\/KM_tiger_01_lev_FLAT_large.jpg\" alt=\"\" width=\"1280\" height=\"853\"><\/p>\n<p><img loading=\"lazy\" decoding=\"async\" src=\"https:\/\/oldehanhoff.nl\/wp-content\/uploads\/2018\/04\/Life_large.jpg\" alt=\"\" width=\"1280\" height=\"853\"><\/p>\n<p><img loading=\"lazy\" decoding=\"async\" src=\"https:\/\/oldehanhoff.nl\/wp-content\/uploads\/2018\/04\/Rovf_gelf_rest_llning_200_large.jpg\" alt=\"\" width=\"1280\" height=\"853\"><\/p>\n<p><img loading=\"lazy\" decoding=\"async\" src=\"https:\/\/oldehanhoff.nl\/wp-content\/uploads\/2018\/04\/Asiatisk_elefant_363_large.jpg\" alt=\"\" width=\"466\" height=\"700\"><\/p>\n<p><img loading=\"lazy\" decoding=\"async\" src=\"https:\/\/oldehanhoff.nl\/wp-content\/uploads\/2018\/04\/safari_HRES_large.jpg\" alt=\"\" width=\"1280\" height=\"853\"><\/p>\n<p><img loading=\"lazy\" decoding=\"async\" src=\"https:\/\/oldehanhoff.nl\/wp-content\/uploads\/2018\/04\/Lejon_2014-06-06_023_large.jpg\" alt=\"\" width=\"1280\" height=\"853\"><\/p>\n","protected":false},"excerpt":{"rendered":"<p>&nbsp; Kolm\u00e5rden Zoo is een grote dierentuin in Zweden, ongeveer 18 kilometer ten noorden van Norrk\u00f6ping bij de plaats Krokek in het gelijknamige bosachtige gebied Kolm\u00e5rden. De dierentuin werd op 27 mei 1965 door de oprichter Ulf Svensson geopend en is met 172 hectare \u00e9\u00e9n van de grotere dierentuinen van\u2026<\/p>\n<p class=\"continue-reading-button\"> <a class=\"continue-reading-link\" href=\"https:\/\/oldehanhoff.nl\/?page_id=915\">Lees verder<i class=\"crycon-right-dir\"><\/i><\/a><\/p>\n","protected":false},"author":1,"featured_media":904,"parent":662,"menu_order":0,"comment_status":"closed","ping_status":"closed","template":"","meta":{"_uag_custom_page_level_css":"","footnotes":"","_links_to":"","_links_to_target":""},"class_list":["post-915","page","type-page","status-publish","has-post-thumbnail","hentry"],"uagb_featured_image_src":{"full":["https:\/\/oldehanhoff.nl\/wp-content\/uploads\/2018\/04\/cropped-24294007_1972052206146039_6158079566685010354_n.jpg",1180,140,false],"thumbnail":["https:\/\/oldehanhoff.nl\/wp-content\/uploads\/2018\/04\/cropped-24294007_1972052206146039_6158079566685010354_n-150x140.jpg",150,140,true],"medium":["https:\/\/oldehanhoff.nl\/wp-content\/uploads\/2018\/04\/cropped-24294007_1972052206146039_6158079566685010354_n-300x36.jpg",300,36,true],"medium_large":["https:\/\/oldehanhoff.nl\/wp-content\/uploads\/2018\/04\/cropped-24294007_1972052206146039_6158079566685010354_n-768x91.jpg",768,91,true],"large":["https:\/\/oldehanhoff.nl\/wp-content\/uploads\/2018\/04\/cropped-24294007_1972052206146039_6158079566685010354_n-1024x121.jpg",900,106,true],"1536x1536":["https:\/\/oldehanhoff.nl\/wp-content\/uploads\/2018\/04\/cropped-24294007_1972052206146039_6158079566685010354_n.jpg",1180,140,false],"2048x2048":["https:\/\/oldehanhoff.nl\/wp-content\/uploads\/2018\/04\/cropped-24294007_1972052206146039_6158079566685010354_n.jpg",1180,140,false],"custom":["https:\/\/oldehanhoff.nl\/wp-content\/uploads\/2018\/04\/cropped-24294007_1972052206146039_6158079566685010354_n-780x140.jpg",780,140,true],"post-thumbnail":["https:\/\/oldehanhoff.nl\/wp-content\/uploads\/2018\/04\/cropped-24294007_1972052206146039_6158079566685010354_n-150x18.jpg",150,18,true],"header":["https:\/\/oldehanhoff.nl\/wp-content\/uploads\/2018\/04\/cropped-24294007_1972052206146039_6158079566685010354_n.jpg",1180,140,false],"slider":["https:\/\/oldehanhoff.nl\/wp-content\/uploads\/2018\/04\/cropped-24294007_1972052206146039_6158079566685010354_n-1180x140.jpg",1180,140,true],"columns":["https:\/\/oldehanhoff.nl\/wp-content\/uploads\/2018\/04\/cropped-24294007_1972052206146039_6158079566685010354_n-327x140.jpg",327,140,true]},"uagb_author_info":{"display_name":"Eddy","author_link":"https:\/\/oldehanhoff.nl\/?author=1"},"uagb_comment_info":0,"uagb_excerpt":"&nbsp; Kolm\u00e5rden Zoo is een grote dierentuin in Zweden, ongeveer 18 kilometer ten noorden van Norrk\u00f6ping bij de plaats Krokek in het gelijknamige bosachtige gebied Kolm\u00e5rden. De dierentuin werd op 27 mei 1965 door de oprichter Ulf Svensson geopend en is met 172 hectare \u00e9\u00e9n van de grotere dierentuinen van\u2026 Lees verder","_links":{"self":[{"href":"https:\/\/oldehanhoff.nl\/index.php?rest_route=\/wp\/v2\/pages\/915","targetHints":{"allow":["GET"]}}],"collection":[{"href":"https:\/\/oldehanhoff.nl\/index.php?rest_route=\/wp\/v2\/pages"}],"about":[{"href":"https:\/\/oldehanhoff.nl\/index.php?rest_route=\/wp\/v2\/types\/page"}],"author":[{"embeddable":true,"href":"https:\/\/oldehanhoff.nl\/index.php?rest_route=\/wp\/v2\/users\/1"}],"replies":[{"embeddable":true,"href":"https:\/\/oldehanhoff.nl\/index.php?rest_route=%2Fwp%2Fv2%2Fcomments&post=915"}],"version-history":[{"count":9,"href":"https:\/\/oldehanhoff.nl\/index.php?rest_route=\/wp\/v2\/pages\/915\/revisions"}],"predecessor-version":[{"id":1686,"href":"https:\/\/oldehanhoff.nl\/index.php?rest_route=\/wp\/v2\/pages\/915\/revisions\/1686"}],"up":[{"embeddable":true,"href":"https:\/\/oldehanhoff.nl\/index.php?rest_route=\/wp\/v2\/pages\/662"}],"wp:featuredmedia":[{"embeddable":true,"href":"https:\/\/oldehanhoff.nl\/index.php?rest_route=\/wp\/v2\/media\/904"}],"wp:attachment":[{"href":"https:\/\/oldehanhoff.nl\/index.php?rest_route=%2Fwp%2Fv2%2Fmedia&parent=915"}],"curies":[{"name":"wp","href":"https:\/\/api.w.org\/{rel}","templated":true}]}}