{"id":6803,"date":"2019-10-01T18:08:37","date_gmt":"2019-10-01T16:08:37","guid":{"rendered":"https:\/\/oldehanhoff.nl\/?page_id=6803"},"modified":"2021-07-04T11:14:22","modified_gmt":"2021-07-04T09:14:22","slug":"filmlocaties-van-schindlers-list-in-krakau","status":"publish","type":"page","link":"https:\/\/oldehanhoff.nl\/?page_id=6803","title":{"rendered":"Filmlocaties van Schindler\u2019s list in Krakau"},"content":{"rendered":"\n<figure class=\"wp-block-image\"><img loading=\"lazy\" decoding=\"async\" width=\"883\" height=\"589\" src=\"https:\/\/oldehanhoff.nl\/wp-content\/uploads\/2019\/10\/image-25.jpg\" alt=\"\" class=\"wp-image-6804\" srcset=\"https:\/\/oldehanhoff.nl\/wp-content\/uploads\/2019\/10\/image-25.jpg 883w, https:\/\/oldehanhoff.nl\/wp-content\/uploads\/2019\/10\/image-25-300x200.jpg 300w, https:\/\/oldehanhoff.nl\/wp-content\/uploads\/2019\/10\/image-25-768x512.jpg 768w, https:\/\/oldehanhoff.nl\/wp-content\/uploads\/2019\/10\/image-25-150x100.jpg 150w\" sizes=\"auto, (max-width: 883px) 100vw, 883px\" \/><\/figure>\n\n\n\n<p> Veel toeristen komen in Krakau zoeken naar de filmlocaties van  Schindler\u2019s List. De film dateert alweer uit 1993 en won toen maar  liefst zeven Oscars. In een magistrale regie van Steven Spielberg wordt  het ondernemerschap van de Duitse zakenman Oskar Schindler verteld, en  hoe hij daarbij het leven van meer dan duizend joden redde in Krakau  tijdens de Tweede Wereldoorlog. Tip: bekijk de film v\u00f3\u00f3r je naar Krakau  komt! <\/p>\n\n\n\n<h2 class=\"wp-block-heading\">De impact van de film<\/h2>\n\n\n\n<p>Hollywood heeft bijgedragen tot het vertellen van het drama van de \nPoolse joden. De impact van de film op de stad en zeker op de wijk \nKazimierz bleek fenomenaal. In deze wijk kwam je niet meer in de \nnaoorlogse periode: voorheen woonden er 65.000 joden in Kazimierz, nu \nnog enkele honderden.&nbsp; De meeste (appartements)gebouwen stonden na de \noorlog leeg, takelden af en de wijk was een ruige buurt geworden.<\/p>\n\n\n\n<p>Maar dankzij de film werd de wijk weer opgewaardeed in de jaren \u201890 \ndoor kunstenaars en bohemiens, en nu vind je hier de leukste designer \nwinkels, cafeetjes en hotels. Veel bezoekers gaan graag op zoek naar de \nplekken waar de film is opgenomen en dus begonnen reisorganisaties in \nKrakau rondleidingen van de filmlocaties aan te bieden. De locates \nliggen verspreid over drie wijken: Stare Miasto (de oude stad), \nKazimierz en Podg\u00f3rze.&nbsp; Ook de <a href=\"https:\/\/www.timetomomo.com\/nl\/krakau-fietsen\/\">gegidste fietstocht<\/a> komt langs de meeste locaties. Je kan ook zelf een fiets huren en erop uit trekken.<\/p>\n\n\n\n<p>Ten slotte heeft ook de stad besloten om in de voormalige fabriek van  Schindler een museum te openen. Het museum belicht de situatie in de  stad tijdens de bezetting 1939-\u201945 en brengt hulde aan Oskar Schindler  en alle slachtoffers van de Holocaust.&nbsp; We lijsten de meest herkenbare  plaatsen uit de film voor je op:<\/p>\n\n\n\n<h2 class=\"wp-block-heading\">Filmlocaties in de oude stad<\/h2>\n\n\n\n<figure class=\"wp-block-image\"><img loading=\"lazy\" decoding=\"async\" width=\"1024\" height=\"709\" src=\"https:\/\/oldehanhoff.nl\/wp-content\/uploads\/2019\/10\/Krak\u00f3w_G\u0142\u00f3wny_dsc08790-1024x709.jpg\" alt=\"\" class=\"wp-image-6810\" srcset=\"https:\/\/oldehanhoff.nl\/wp-content\/uploads\/2019\/10\/Krak\u00f3w_G\u0142\u00f3wny_dsc08790.jpg 1024w, https:\/\/oldehanhoff.nl\/wp-content\/uploads\/2019\/10\/Krak\u00f3w_G\u0142\u00f3wny_dsc08790-300x208.jpg 300w, https:\/\/oldehanhoff.nl\/wp-content\/uploads\/2019\/10\/Krak\u00f3w_G\u0142\u00f3wny_dsc08790-768x532.jpg 768w, https:\/\/oldehanhoff.nl\/wp-content\/uploads\/2019\/10\/Krak\u00f3w_G\u0142\u00f3wny_dsc08790-150x104.jpg 150w\" sizes=\"auto, (max-width: 1024px) 100vw, 1024px\" \/><\/figure>\n\n\n\n<p><strong>Krakau Centraal Station<\/strong> (<a href=\"https:\/\/nl.wikipedia.org\/wiki\/Station_Krak%C3%B3w_G%C5%82%C3%B3wny\" target=\"_blank\" rel=\"noreferrer noopener\" aria-label=\"LINK (opent in een nieuwe tab)\">LINK<\/a>)<\/p>\n\n\n\n<p>Het perron van het oude stationsgebouw wordt enkele keren in de film \ngetoond. Nu is het oude stationsgebouw een museum voor tijdelijke \ntentoonstelligen geworden en stoppen de treinen wat verderop in het \ngloednieuwe station bij <a href=\"http:\/\/www.galeriakrakowska.pl\/en\">Galeria Krakowska.<\/a><\/p>\n\n\n\n<figure class=\"wp-block-image is-resized\"><img loading=\"lazy\" decoding=\"async\" src=\"https:\/\/oldehanhoff.nl\/wp-content\/uploads\/2019\/10\/Kosciol_mariacki_krakow-669x1024.jpg\" alt=\"\" class=\"wp-image-6811\" width=\"335\" height=\"512\" srcset=\"https:\/\/oldehanhoff.nl\/wp-content\/uploads\/2019\/10\/Kosciol_mariacki_krakow-669x1024.jpg 669w, https:\/\/oldehanhoff.nl\/wp-content\/uploads\/2019\/10\/Kosciol_mariacki_krakow-196x300.jpg 196w, https:\/\/oldehanhoff.nl\/wp-content\/uploads\/2019\/10\/Kosciol_mariacki_krakow-768x1175.jpg 768w, https:\/\/oldehanhoff.nl\/wp-content\/uploads\/2019\/10\/Kosciol_mariacki_krakow-98x150.jpg 98w\" sizes=\"auto, (max-width: 335px) 100vw, 335px\" \/><\/figure>\n\n\n\n<p><strong>De Mariabasiliek (grote markt)<\/strong> (<a rel=\"noreferrer noopener\" aria-label=\"LINK (opent in een nieuwe tab)\" href=\"https:\/\/nl.wikipedia.org\/wiki\/Mariakerk_(Krakau)\" target=\"_blank\">LINK<\/a>)<\/p>\n\n\n\n<p>De <a href=\"http:\/\/mariacki.com\/en\/\">hoofdkerk van Krakau <\/a>bleek \nde enige plek te zijn waar het voor joden veilig was om handel te \ndrijven. Dat mocht niet meer voor hen in het openbaar. Hoewel de film in\n zwart-wit is, herken je op de achtergrond het eeuwenoude <a href=\"http:\/\/mariacki.com\/en\/renovation-of-the-altar-of-veit-stoss\/\">altaarstuk van Veit Stoss<\/a>, een meesterwerk op zich.<\/p>\n\n\n\n<p><strong>Ulica Straszewskiego 7 (naast parkgordel \u201cplanty\u201d, dicht bij het kasteel)<\/strong><\/p>\n\n\n\n<p>In dit huis woonde Oskar Schindler ook echt, niet alleen in de film. \nRijke joden werden uit hun woning ontzet en moesten naar het getto en \nSchindler mocht er zijn intrek nemen. Hij komt uit het gebouw en merkt \nde assen in de lucht van de verbrande lijken verderop in het werkkamp. \nOp de achtergrond zie je duidelijk de torens van de kathedraal op de \nWawel heuvel. De scenes in het appartement zijn ook werkelijk hier \ngefilmd, er is geen set voor gebouwd. Alle originele deuren, stuckwerk \nen vloeren waren nog zoals in de oorlogsjaren, enkel het meubilair werd \naangepast.<\/p>\n\n\n\n<p><strong>Ulica Poselka<\/strong><\/p>\n\n\n\n<p>In de film ruimen joodse dwangarbeiders hier sneeuw en \u00e9\u00e9n van Schindler\u2019s arbeiders wordt omgebracht.<\/p>\n\n\n\n<h2 class=\"wp-block-heading\">Filmlocaties in Kazimierz<\/h2>\n\n\n\n<figure class=\"wp-block-image\"><img loading=\"lazy\" decoding=\"async\" width=\"1024\" height=\"683\" src=\"https:\/\/oldehanhoff.nl\/wp-content\/uploads\/2019\/10\/1024px-Szeroka_Krak\u00f3w_2009-1024x683.jpg\" alt=\"\" class=\"wp-image-6814\" srcset=\"https:\/\/oldehanhoff.nl\/wp-content\/uploads\/2019\/10\/1024px-Szeroka_Krak\u00f3w_2009.jpg 1024w, https:\/\/oldehanhoff.nl\/wp-content\/uploads\/2019\/10\/1024px-Szeroka_Krak\u00f3w_2009-300x200.jpg 300w, https:\/\/oldehanhoff.nl\/wp-content\/uploads\/2019\/10\/1024px-Szeroka_Krak\u00f3w_2009-768x512.jpg 768w, https:\/\/oldehanhoff.nl\/wp-content\/uploads\/2019\/10\/1024px-Szeroka_Krak\u00f3w_2009-150x100.jpg 150w\" sizes=\"auto, (max-width: 1024px) 100vw, 1024px\" \/><\/figure>\n\n\n\n<p><strong>Ulica Szeroka<\/strong><\/p>\n\n\n\n<p>Dit langgerekte plein komt meerder keren voor in de film. Het werd in\n de film bedoeld om het plein in het getto uit te beelden, dat in \nrealiteit in Podg\u00f3rze aan de overkant van de rivier lag, maar nu dus \ngefilmd in Kazimierz. Je hekent de partonen van de zeven-armige \nkandelaar in de omheining op de achtergrond en de Remu synagogue. Ook de\n oude synagogue beneden aan het plein komt in beeld.<\/p>\n\n\n\n<p><strong>Het binnenplein tussen J\u00f3zefa straat (nr. 12) en Meiselsa straat (foto bovenaan)<\/strong><\/p>\n\n\n\n<p>Het is een van de meest pittoreske steegjes in deze wijk. Spielberg \nvond dit de perfecte setting om te filmen hoe de joden uit het getto \nwerden verdreven in maart 1943. Koffers worden in de film van de \nbalustrade naar beneden gegooid en aan de trap bij de boog is er een \njongetje dat een joodse vrouw en haar dochtertje n\u00e9t niet verklikt aan \nde patrouilles.<\/p>\n\n\n\n<p><strong>De Pilsudski-brug op ulica Krakowska<\/strong><\/p>\n\n\n\n<p>Deze brug is een prachtige blauw-grijze brug van staal in een \nboogvorm en verbindt Kazimierz met Podg\u00f3rze. Joden trokken over de brug \nom in het getto te komen. De opnames zijn in de omgekeerde richting \ngemaakt om teveel moderne elementen uit het beeld te weren.<\/p>\n\n\n\n<h2 class=\"wp-block-heading\">Filmlocaties in Podg\u00f3rze<\/h2>\n\n\n\n<figure class=\"wp-block-image\"><img loading=\"lazy\" decoding=\"async\" width=\"800\" height=\"600\" src=\"https:\/\/oldehanhoff.nl\/wp-content\/uploads\/2019\/10\/800px-Schindler_Fabrik_in_Krakau_2009.jpg\" alt=\"\" class=\"wp-image-6815\" srcset=\"https:\/\/oldehanhoff.nl\/wp-content\/uploads\/2019\/10\/800px-Schindler_Fabrik_in_Krakau_2009.jpg 800w, https:\/\/oldehanhoff.nl\/wp-content\/uploads\/2019\/10\/800px-Schindler_Fabrik_in_Krakau_2009-300x225.jpg 300w, https:\/\/oldehanhoff.nl\/wp-content\/uploads\/2019\/10\/800px-Schindler_Fabrik_in_Krakau_2009-768x576.jpg 768w, https:\/\/oldehanhoff.nl\/wp-content\/uploads\/2019\/10\/800px-Schindler_Fabrik_in_Krakau_2009-150x113.jpg 150w\" sizes=\"auto, (max-width: 800px) 100vw, 800px\" \/><\/figure>\n\n\n\n<p><strong>De \u201cDeutsche Emaillewaren Fabrik\u201d (DEF) van Oskar Schindler, ulica Lipowa 4<\/strong> (<a href=\"https:\/\/nl.wikipedia.org\/wiki\/Fabryka_Schindlera\" target=\"_blank\" rel=\"noreferrer noopener\" aria-label=\"LINK (opent in een nieuwe tab)\">LINK<\/a>)<\/p>\n\n\n\n<p>De buitenkant van het fabrieksgebouw waarin Schindler in 1939 zijn \nproductie startte, is niet veranderd. In de film zie je het gebouw een \npaar keer. Na de film kwamen vele toeristen naar dit gebouw zoeken en de\n stad opende in 2010 een uitstekende meeslepende <a href=\"http:\/\/www.mhk.pl\/branches\/oskar-schindlers-factory\">tentoonstelling <\/a>over\n de bezetting in Krakau en wat dat deed met zijn (joodse) inwoners. \nSchindler krijgt een speciale plaats en zijn kantoorruimte is deel van \nde expositie. Het is nu een van de meest bezochte musea in Krakau.<\/p>\n\n\n\n<p><strong>De Lasoty heuvel, Bednarski park<\/strong><\/p>\n\n\n\n<p>Vanop deze heuvel ziet Schindler de liquidatie van het getto \ngebeuren- althans in de film \u2013 en het meisje met het rode jasje lopen \n(de enige kleur in een verdure zwart-wit film). Je herkent vanaf dit \npunt ulica Tarnowska en ulica Sw. Kinga.&nbsp; Het uitzichtspunt ligt in het <a href=\"https:\/\/www.timetomomo.com\/nl\/park-krakau\/\">Bednarski park<\/a>, bij het <a href=\"https:\/\/www.inyourpocket.com\/krakow\/fort-benedict_49803v\">verlaten Oostenrijks fort<\/a>.<\/p>\n\n\n\n<figure class=\"wp-block-image\"><img loading=\"lazy\" decoding=\"async\" width=\"1024\" height=\"682\" src=\"https:\/\/oldehanhoff.nl\/wp-content\/uploads\/2019\/10\/41653072-verlaten-liban-quarry-met-jurassic-kalkstenen-kliffen-en-oude-roestige-industri\u00eble-gebouwen-in-krakau--1024x682.jpg\" alt=\"\" class=\"wp-image-6904\" srcset=\"https:\/\/oldehanhoff.nl\/wp-content\/uploads\/2019\/10\/41653072-verlaten-liban-quarry-met-jurassic-kalkstenen-kliffen-en-oude-roestige-industri\u00eble-gebouwen-in-krakau--1024x682.jpg 1024w, https:\/\/oldehanhoff.nl\/wp-content\/uploads\/2019\/10\/41653072-verlaten-liban-quarry-met-jurassic-kalkstenen-kliffen-en-oude-roestige-industri\u00eble-gebouwen-in-krakau--300x200.jpg 300w, https:\/\/oldehanhoff.nl\/wp-content\/uploads\/2019\/10\/41653072-verlaten-liban-quarry-met-jurassic-kalkstenen-kliffen-en-oude-roestige-industri\u00eble-gebouwen-in-krakau--768x512.jpg 768w, https:\/\/oldehanhoff.nl\/wp-content\/uploads\/2019\/10\/41653072-verlaten-liban-quarry-met-jurassic-kalkstenen-kliffen-en-oude-roestige-industri\u00eble-gebouwen-in-krakau--150x100.jpg 150w, https:\/\/oldehanhoff.nl\/wp-content\/uploads\/2019\/10\/41653072-verlaten-liban-quarry-met-jurassic-kalkstenen-kliffen-en-oude-roestige-industri\u00eble-gebouwen-in-krakau-.jpg 1300w\" sizes=\"auto, (max-width: 1024px) 100vw, 1024px\" \/><\/figure>\n\n\n\n<p><strong>Liban steengroeve op ulica za Tor nr. 22 en strafwerkkamp P\u0142aszow bij ulica Kamie\u0144skiego<\/strong><\/p>\n\n\n\n<p>Aan het begin van de 20ste eeuw behoorde deze steengroeve toe aan de  joodse ondernemer Bernard Liban. Tijdens de Tweede Wereldoorlog werd op  dit grondgebied, aan de voet van de Krakus grafheuvel, het Duitse  strafwerkkamp P\u0142aszow opgericht. In een stukje van de steengroeve bouwde  de filmcrew in 1993 de barakken, de prikeldraad en de wachttorens zo  goed mogelijk na. Restanten van de fimset zijn er nu nog, inclusief het  pad met de nagemaakte grafzerken. Het gebied is enkel erg ontoegankelijk  door de overwoekerde natuur en daardoor niet zo veilig. Enkel voor  avonturiers.<\/p>\n\n\n\n<figure class=\"wp-block-image is-resized\"><img loading=\"lazy\" decoding=\"async\" src=\"https:\/\/oldehanhoff.nl\/wp-content\/uploads\/2019\/10\/img_5013-2-1-683x1024.jpeg\" alt=\"\" class=\"wp-image-6906\" width=\"512\" height=\"768\" srcset=\"https:\/\/oldehanhoff.nl\/wp-content\/uploads\/2019\/10\/img_5013-2-1-683x1024.jpeg 683w, https:\/\/oldehanhoff.nl\/wp-content\/uploads\/2019\/10\/img_5013-2-1-200x300.jpeg 200w, https:\/\/oldehanhoff.nl\/wp-content\/uploads\/2019\/10\/img_5013-2-1-100x150.jpeg 100w, https:\/\/oldehanhoff.nl\/wp-content\/uploads\/2019\/10\/img_5013-2-1.jpeg 720w\" sizes=\"auto, (max-width: 512px) 100vw, 512px\" \/><\/figure>\n\n\n\n<p>Meer info:<\/p>\n\n\n\n<ul class=\"wp-block-list\"><li><a rel=\"noreferrer noopener\" aria-label=\"https:\/\/www.tracesofwar.nl\/sights\/3782\/Steengroeve-Kamp-Plaszow.htm (opent in een nieuwe tab)\" href=\"https:\/\/www.tracesofwar.nl\/sights\/3782\/Steengroeve-Kamp-Plaszow.htm\" target=\"_blank\">https:\/\/www.tracesofwar.nl\/sights\/3782\/Steengroeve-Kamp-Plaszow.htm<\/a><\/li><li><a rel=\"noreferrer noopener\" aria-label=\"https:\/\/rangroetjes.com\/2019\/04\/13\/abandoned-world-war-ii-nazi-labor-camp-in-krakow-poland\/ (opent in een nieuwe tab)\" href=\"https:\/\/rangroetjes.com\/2019\/04\/13\/abandoned-world-war-ii-nazi-labor-camp-in-krakow-poland\/\" target=\"_blank\">https:\/\/rangroetjes.com\/2019\/04\/13\/abandoned-world-war-ii-nazi-labor-camp-in-krakow-poland\/<\/a><\/li><\/ul>\n\n\n\n<p>Guided tour: <a rel=\"noreferrer noopener\" href=\"https:\/\/www.getyourguide.nl\/krakau-l40\/krakau-schindler-sites-kl-plaszow-tour-t188523\/\" target=\"_blank\">https:\/\/www.getyourguide.nl\/krakau-l40\/krakau-schindler-sites-kl-plaszow-tour-t188523\/<\/a><\/p>\n\n\n\n<figure class=\"wp-block-image\"><img loading=\"lazy\" decoding=\"async\" width=\"500\" height=\"335\" src=\"https:\/\/oldehanhoff.nl\/wp-content\/uploads\/2019\/10\/9715121030155106.jpg\" alt=\"\" class=\"wp-image-6910\" srcset=\"https:\/\/oldehanhoff.nl\/wp-content\/uploads\/2019\/10\/9715121030155106.jpg 500w, https:\/\/oldehanhoff.nl\/wp-content\/uploads\/2019\/10\/9715121030155106-300x201.jpg 300w, https:\/\/oldehanhoff.nl\/wp-content\/uploads\/2019\/10\/9715121030155106-150x101.jpg 150w\" sizes=\"auto, (max-width: 500px) 100vw, 500px\" \/><\/figure>\n\n\n\n<p>De offici\u00eble site die het <a href=\"https:\/\/www.inyourpocket.com\/krakow\/Plaszow-Concentration-Camp_73759f\">werkkamp P\u0142aszow<\/a>  herdenkt met een monument ligt wat verderop. Alle originele barakken  zijn afgebroken, hier en daar zijn nog fundamenten en zelfs stukken  originele grafzerken te vinden op een pad waar de joodse dwangarbeiders  dagelijks over moesten. Je geraakt er via de ulica Kamie\u0144skiego.  Tegenover de winkel Castorama vertekt een wandelpad naar de voormalige  site.<\/p>\n\n\n\n<p> Meer info: <\/p>\n\n\n\n<ul class=\"wp-block-list\"><li><a rel=\"noreferrer noopener\" href=\"https:\/\/en.wikipedia.org\/wiki\/Krak%C3%B3w-P%C5%82asz%C3%B3w_concentration_camp\" target=\"_blank\">https:\/\/en.wikipedia.org\/wiki\/Krak%C3%B3w-P%C5%82asz%C3%B3w_concentration_camp<\/a><\/li><li><a rel=\"noreferrer noopener\" href=\"https:\/\/www.tracesofwar.nl\/sights\/15753\/Concentratiekamp-Plaszow.htm\" target=\"_blank\">https:\/\/www.tracesofwar.nl\/sights\/15753\/Concentratiekamp-Plaszow.htm<\/a><\/li><\/ul>\n\n\n\n<h2 class=\"wp-block-heading\">En buiten Krakau<\/h2>\n\n\n\n<p>De tunnels van de riolering waarin joden probeerden te vluchten \nzitten onder de ulica Ofiar Dabia, maar daar kan je niet in geraken en \nliggen een heel eind buiten het centrum.<\/p>\n\n\n\n<p><strong>Tyniec<\/strong><\/p>\n\n\n\n<p>Spielberg liet een scene opnemen in een veld waarbij de torens van de oudste abdij van Polen, <a href=\"https:\/\/www.inyourpocket.com\/krakow\/Tyniec_73875f\">Tyniec<\/a>,  te zien zijn. De scene zelf is uiterst droevig, maar de abdijtorens  prijken statig op de achtergrond. De abdij is toegankelijk voor bezoek,  een ideale bestemming voor een fietstochtje langs de Wis\u0142a. Het heeft  een winkeltje waarin de Benedictijnenbroeders hun bieren, kazen, zepen  en kruidenflesjes verkopen.<\/p>\n\n\n\n<p>Bron: <a rel=\"noreferrer noopener\" aria-label=\"https:\/\/www.timetomomo.com\/nl\/filmlocaties-krakau\/ (opent in een nieuwe tab)\" href=\"https:\/\/www.timetomomo.com\/nl\/filmlocaties-krakau\/\" target=\"_blank\">https:\/\/www.timetomomo.com\/nl\/filmlocaties-krakau\/<\/a><\/p>\n\n\n\n<h3 class=\"wp-block-heading\">Official Trailer van Schindler&#8217;s List:<\/h3>\n\n\n\n<p><iframe loading=\"lazy\" src=\"https:\/\/www.youtube.com\/embed\/gG22XNhtnoY\" allow=\"accelerometer; autoplay; encrypted-media; gyroscope; picture-in-picture\" allowfullscreen=\"\" width=\"560\" height=\"315\" frameborder=\"0\"><\/iframe><\/p>\n\n\n\n<p><iframe loading=\"lazy\" src=\"https:\/\/open.spotify.com\/embed\/album\/1I3unGxGIIxCQkYPlzzaL8?theme=0\" allowtransparency=\"true\" allow=\"encrypted-media\" width=\"100%\" height=\"380\" frameborder=\"0\"><\/iframe><\/p>\n","protected":false},"excerpt":{"rendered":"<p>Veel toeristen komen in Krakau zoeken naar de filmlocaties van Schindler\u2019s List. De film dateert alweer uit 1993 en won toen maar liefst zeven Oscars. In een magistrale regie van Steven Spielberg wordt het ondernemerschap van de Duitse zakenman Oskar Schindler verteld, en hoe hij daarbij het leven van meer\u2026<\/p>\n<p class=\"continue-reading-button\"> <a class=\"continue-reading-link\" href=\"https:\/\/oldehanhoff.nl\/?page_id=6803\">Lees verder<i class=\"crycon-right-dir\"><\/i><\/a><\/p>\n","protected":false},"author":1,"featured_media":20653,"parent":997,"menu_order":0,"comment_status":"closed","ping_status":"closed","template":"","meta":{"_uag_custom_page_level_css":"","footnotes":"","_links_to":"","_links_to_target":""},"class_list":["post-6803","page","type-page","status-publish","has-post-thumbnail","hentry"],"uagb_featured_image_src":{"full":["https:\/\/oldehanhoff.nl\/wp-content\/uploads\/2021\/07\/cropped-krakow.jpg",1180,140,false],"thumbnail":["https:\/\/oldehanhoff.nl\/wp-content\/uploads\/2021\/07\/cropped-krakow-150x140.jpg",150,140,true],"medium":["https:\/\/oldehanhoff.nl\/wp-content\/uploads\/2021\/07\/cropped-krakow-300x36.jpg",300,36,true],"medium_large":["https:\/\/oldehanhoff.nl\/wp-content\/uploads\/2021\/07\/cropped-krakow-768x91.jpg",768,91,true],"large":["https:\/\/oldehanhoff.nl\/wp-content\/uploads\/2021\/07\/cropped-krakow-1024x121.jpg",900,106,true],"1536x1536":["https:\/\/oldehanhoff.nl\/wp-content\/uploads\/2021\/07\/cropped-krakow.jpg",1180,140,false],"2048x2048":["https:\/\/oldehanhoff.nl\/wp-content\/uploads\/2021\/07\/cropped-krakow.jpg",1180,140,false],"custom":["https:\/\/oldehanhoff.nl\/wp-content\/uploads\/2021\/07\/cropped-krakow-780x140.jpg",780,140,true],"post-thumbnail":["https:\/\/oldehanhoff.nl\/wp-content\/uploads\/2021\/07\/cropped-krakow-150x18.jpg",150,18,true],"header":["https:\/\/oldehanhoff.nl\/wp-content\/uploads\/2021\/07\/cropped-krakow-1180x140.jpg",1180,140,true],"slider":["https:\/\/oldehanhoff.nl\/wp-content\/uploads\/2021\/07\/cropped-krakow.jpg",1180,140,false],"columns":["https:\/\/oldehanhoff.nl\/wp-content\/uploads\/2021\/07\/cropped-krakow-327x140.jpg",327,140,true]},"uagb_author_info":{"display_name":"Eddy","author_link":"https:\/\/oldehanhoff.nl\/?author=1"},"uagb_comment_info":0,"uagb_excerpt":"Veel toeristen komen in Krakau zoeken naar de filmlocaties van Schindler\u2019s List. De film dateert alweer uit 1993 en won toen maar liefst zeven Oscars. In een magistrale regie van Steven Spielberg wordt het ondernemerschap van de Duitse zakenman Oskar Schindler verteld, en hoe hij daarbij het leven van meer\u2026 Lees verder","_links":{"self":[{"href":"https:\/\/oldehanhoff.nl\/index.php?rest_route=\/wp\/v2\/pages\/6803","targetHints":{"allow":["GET"]}}],"collection":[{"href":"https:\/\/oldehanhoff.nl\/index.php?rest_route=\/wp\/v2\/pages"}],"about":[{"href":"https:\/\/oldehanhoff.nl\/index.php?rest_route=\/wp\/v2\/types\/page"}],"author":[{"embeddable":true,"href":"https:\/\/oldehanhoff.nl\/index.php?rest_route=\/wp\/v2\/users\/1"}],"replies":[{"embeddable":true,"href":"https:\/\/oldehanhoff.nl\/index.php?rest_route=%2Fwp%2Fv2%2Fcomments&post=6803"}],"version-history":[{"count":11,"href":"https:\/\/oldehanhoff.nl\/index.php?rest_route=\/wp\/v2\/pages\/6803\/revisions"}],"predecessor-version":[{"id":20662,"href":"https:\/\/oldehanhoff.nl\/index.php?rest_route=\/wp\/v2\/pages\/6803\/revisions\/20662"}],"up":[{"embeddable":true,"href":"https:\/\/oldehanhoff.nl\/index.php?rest_route=\/wp\/v2\/pages\/997"}],"wp:featuredmedia":[{"embeddable":true,"href":"https:\/\/oldehanhoff.nl\/index.php?rest_route=\/wp\/v2\/media\/20653"}],"wp:attachment":[{"href":"https:\/\/oldehanhoff.nl\/index.php?rest_route=%2Fwp%2Fv2%2Fmedia&parent=6803"}],"curies":[{"name":"wp","href":"https:\/\/api.w.org\/{rel}","templated":true}]}}