{"id":28453,"date":"2022-12-16T10:00:07","date_gmt":"2022-12-16T09:00:07","guid":{"rendered":"https:\/\/oldehanhoff.nl\/?page_id=28453"},"modified":"2022-12-21T11:44:00","modified_gmt":"2022-12-21T10:44:00","slug":"rammsteinstore","status":"publish","type":"page","link":"https:\/\/oldehanhoff.nl\/?page_id=28453","title":{"rendered":"RammsteinStore"},"content":{"rendered":"\n<figure class=\"wp-block-image size-large\"><img loading=\"lazy\" decoding=\"async\" width=\"1024\" height=\"555\" src=\"https:\/\/oldehanhoff.nl\/wp-content\/uploads\/2022\/12\/DSC5450_RammsteinStore_Moritz20Ullrich1-1024x555.jpg\" alt=\"\" class=\"wp-image-28604\" srcset=\"https:\/\/oldehanhoff.nl\/wp-content\/uploads\/2022\/12\/DSC5450_RammsteinStore_Moritz20Ullrich1-1024x555.jpg 1024w, https:\/\/oldehanhoff.nl\/wp-content\/uploads\/2022\/12\/DSC5450_RammsteinStore_Moritz20Ullrich1-300x163.jpg 300w, https:\/\/oldehanhoff.nl\/wp-content\/uploads\/2022\/12\/DSC5450_RammsteinStore_Moritz20Ullrich1-768x416.jpg 768w, https:\/\/oldehanhoff.nl\/wp-content\/uploads\/2022\/12\/DSC5450_RammsteinStore_Moritz20Ullrich1-150x81.jpg 150w, https:\/\/oldehanhoff.nl\/wp-content\/uploads\/2022\/12\/DSC5450_RammsteinStore_Moritz20Ullrich1.jpg 1440w\" sizes=\"auto, (max-width: 1024px) 100vw, 1024px\" \/><\/figure>\n\n\n\n<p id=\"tw-target-text\">De bekende Duitse band Rammstein heeft zich ingezet voor het behoud van een indrukwekkend industrieel monument in de wijk Pankow in Wilhelmsruh. Rammstein ontving zelfs de Ferdinand von Quast-medaille voor de bescherming van historische monumenten voor de herontwikkeling van het VEB Bergmann Borsig-gebied. <\/p>\n\n\n\n<p id=\"tw-target-text\">Nu hebben de muzikanten een bijzondere attractie op het terrein gecre\u00eberd met een offici\u00eble RammsteinStore. Hier kunnen fans offici\u00eble merchandisingartikelen kopen en concertmateriaal bewonderen, evenals een tentoonstelling van objecten die worden gebruikt bij liveoptredens. De winkel in Wilhemsruh is alleen open op geselecteerde dagen, die te vinden zijn op de website van de band.<\/p>\n\n\n\n<p>Adres:\u00a0Hertzstra\u00dfe 63b, 13158 Berlin, Duitsland<\/p>\n\n\n\n<ul class=\"wp-block-list\">\n<li><a rel=\"noreferrer noopener\" href=\"http:\/\/rammsteinshop.com\/\" target=\"_blank\">http:\/\/rammsteinshop.com\/<\/a><\/li>\n\n\n\n<li><a href=\"https:\/\/www.facebook.com\/RammsteinShop\/\" target=\"_blank\" rel=\"noreferrer noopener\">https:\/\/www.facebook.com\/RammsteinShop\/<\/a><\/li>\n<\/ul>\n","protected":false},"excerpt":{"rendered":"<p>De bekende Duitse band Rammstein heeft zich ingezet voor het behoud van een indrukwekkend industrieel monument in de wijk Pankow in Wilhelmsruh. Rammstein ontving zelfs de Ferdinand von Quast-medaille voor de bescherming van historische monumenten voor de herontwikkeling van het VEB Bergmann Borsig-gebied. Nu hebben de muzikanten een bijzondere attractie\u2026<\/p>\n<p class=\"continue-reading-button\"> <a class=\"continue-reading-link\" href=\"https:\/\/oldehanhoff.nl\/?page_id=28453\">Lees verder<i class=\"crycon-right-dir\"><\/i><\/a><\/p>\n","protected":false},"author":1,"featured_media":27302,"parent":27355,"menu_order":0,"comment_status":"closed","ping_status":"closed","template":"","meta":{"_uag_custom_page_level_css":"","footnotes":"","_links_to":"","_links_to_target":""},"class_list":["post-28453","page","type-page","status-publish","has-post-thumbnail","hentry"],"uagb_featured_image_src":{"full":["https:\/\/oldehanhoff.nl\/wp-content\/uploads\/2022\/09\/48136795711_98b200f6b1_k.jpg",2048,1536,false],"thumbnail":["https:\/\/oldehanhoff.nl\/wp-content\/uploads\/2022\/09\/48136795711_98b200f6b1_k-150x150.jpg",150,150,true],"medium":["https:\/\/oldehanhoff.nl\/wp-content\/uploads\/2022\/09\/48136795711_98b200f6b1_k-300x225.jpg",300,225,true],"medium_large":["https:\/\/oldehanhoff.nl\/wp-content\/uploads\/2022\/09\/48136795711_98b200f6b1_k-768x576.jpg",768,576,true],"large":["https:\/\/oldehanhoff.nl\/wp-content\/uploads\/2022\/09\/48136795711_98b200f6b1_k-1024x768.jpg",900,675,true],"1536x1536":["https:\/\/oldehanhoff.nl\/wp-content\/uploads\/2022\/09\/48136795711_98b200f6b1_k-1536x1152.jpg",1536,1152,true],"2048x2048":["https:\/\/oldehanhoff.nl\/wp-content\/uploads\/2022\/09\/48136795711_98b200f6b1_k.jpg",2048,1536,false],"custom":["https:\/\/oldehanhoff.nl\/wp-content\/uploads\/2022\/09\/48136795711_98b200f6b1_k-780x350.jpg",780,350,true],"post-thumbnail":["https:\/\/oldehanhoff.nl\/wp-content\/uploads\/2022\/09\/48136795711_98b200f6b1_k-150x113.jpg",150,113,true],"header":["https:\/\/oldehanhoff.nl\/wp-content\/uploads\/2022\/09\/48136795711_98b200f6b1_k-1180x140.jpg",1180,140,true],"slider":["https:\/\/oldehanhoff.nl\/wp-content\/uploads\/2022\/09\/48136795711_98b200f6b1_k-1180x410.jpg",1180,410,true],"columns":["https:\/\/oldehanhoff.nl\/wp-content\/uploads\/2022\/09\/48136795711_98b200f6b1_k-327x201.jpg",327,201,true]},"uagb_author_info":{"display_name":"Eddy","author_link":"https:\/\/oldehanhoff.nl\/?author=1"},"uagb_comment_info":0,"uagb_excerpt":"De bekende Duitse band Rammstein heeft zich ingezet voor het behoud van een indrukwekkend industrieel monument in de wijk Pankow in Wilhelmsruh. Rammstein ontving zelfs de Ferdinand von Quast-medaille voor de bescherming van historische monumenten voor de herontwikkeling van het VEB Bergmann Borsig-gebied. Nu hebben de muzikanten een bijzondere attractie\u2026 Lees verder","_links":{"self":[{"href":"https:\/\/oldehanhoff.nl\/index.php?rest_route=\/wp\/v2\/pages\/28453","targetHints":{"allow":["GET"]}}],"collection":[{"href":"https:\/\/oldehanhoff.nl\/index.php?rest_route=\/wp\/v2\/pages"}],"about":[{"href":"https:\/\/oldehanhoff.nl\/index.php?rest_route=\/wp\/v2\/types\/page"}],"author":[{"embeddable":true,"href":"https:\/\/oldehanhoff.nl\/index.php?rest_route=\/wp\/v2\/users\/1"}],"replies":[{"embeddable":true,"href":"https:\/\/oldehanhoff.nl\/index.php?rest_route=%2Fwp%2Fv2%2Fcomments&post=28453"}],"version-history":[{"count":4,"href":"https:\/\/oldehanhoff.nl\/index.php?rest_route=\/wp\/v2\/pages\/28453\/revisions"}],"predecessor-version":[{"id":28610,"href":"https:\/\/oldehanhoff.nl\/index.php?rest_route=\/wp\/v2\/pages\/28453\/revisions\/28610"}],"up":[{"embeddable":true,"href":"https:\/\/oldehanhoff.nl\/index.php?rest_route=\/wp\/v2\/pages\/27355"}],"wp:featuredmedia":[{"embeddable":true,"href":"https:\/\/oldehanhoff.nl\/index.php?rest_route=\/wp\/v2\/media\/27302"}],"wp:attachment":[{"href":"https:\/\/oldehanhoff.nl\/index.php?rest_route=%2Fwp%2Fv2%2Fmedia&parent=28453"}],"curies":[{"name":"wp","href":"https:\/\/api.w.org\/{rel}","templated":true}]}}