{"id":23223,"date":"2021-12-06T18:07:05","date_gmt":"2021-12-06T17:07:05","guid":{"rendered":"https:\/\/oldehanhoff.nl\/?page_id=23223"},"modified":"2025-11-25T17:37:03","modified_gmt":"2025-11-25T16:37:03","slug":"dubrovnik","status":"publish","type":"page","link":"https:\/\/oldehanhoff.nl\/?page_id=23223","title":{"rendered":"Dubrovnik"},"content":{"rendered":"\n<figure class=\"wp-block-image size-large\"><img loading=\"lazy\" decoding=\"async\" width=\"1024\" height=\"284\" src=\"https:\/\/oldehanhoff.nl\/wp-content\/uploads\/2021\/12\/1920px-Mediterranes_Panorama_Altstadt_von_Dubrovnik_Ansicht_von_Osten_Hrvatska_Kroatien_-_Foto_Wolfgang_Pehlemann_DSC05194-1024x284.jpg\" alt=\"\" class=\"wp-image-23240\" srcset=\"https:\/\/oldehanhoff.nl\/wp-content\/uploads\/2021\/12\/1920px-Mediterranes_Panorama_Altstadt_von_Dubrovnik_Ansicht_von_Osten_Hrvatska_Kroatien_-_Foto_Wolfgang_Pehlemann_DSC05194-1024x284.jpg 1024w, https:\/\/oldehanhoff.nl\/wp-content\/uploads\/2021\/12\/1920px-Mediterranes_Panorama_Altstadt_von_Dubrovnik_Ansicht_von_Osten_Hrvatska_Kroatien_-_Foto_Wolfgang_Pehlemann_DSC05194-300x83.jpg 300w, https:\/\/oldehanhoff.nl\/wp-content\/uploads\/2021\/12\/1920px-Mediterranes_Panorama_Altstadt_von_Dubrovnik_Ansicht_von_Osten_Hrvatska_Kroatien_-_Foto_Wolfgang_Pehlemann_DSC05194-768x213.jpg 768w, https:\/\/oldehanhoff.nl\/wp-content\/uploads\/2021\/12\/1920px-Mediterranes_Panorama_Altstadt_von_Dubrovnik_Ansicht_von_Osten_Hrvatska_Kroatien_-_Foto_Wolfgang_Pehlemann_DSC05194-1536x426.jpg 1536w, https:\/\/oldehanhoff.nl\/wp-content\/uploads\/2021\/12\/1920px-Mediterranes_Panorama_Altstadt_von_Dubrovnik_Ansicht_von_Osten_Hrvatska_Kroatien_-_Foto_Wolfgang_Pehlemann_DSC05194-150x42.jpg 150w, https:\/\/oldehanhoff.nl\/wp-content\/uploads\/2021\/12\/1920px-Mediterranes_Panorama_Altstadt_von_Dubrovnik_Ansicht_von_Osten_Hrvatska_Kroatien_-_Foto_Wolfgang_Pehlemann_DSC05194.jpg 1920w\" sizes=\"auto, (max-width: 1024px) 100vw, 1024px\" \/><\/figure>\n\n\n\n<p><strong>Dubrovnik<\/strong> is een havenstad in Dalmati\u00eb, een regio in Kroati\u00eb, aan de Adriatische Zee.<br>De stad is gelegen onder de berg Sr\u0111, wordt als een van de mooiste steden van de Adriatische kust beschouwd en wordt daarom ook wel de &#8216;Parel van de Adriatische Zee&#8217; genoemd. De oude, compleet ommuurde vestingstad van Dubrovnik staat op de Werelderfgoedlijst van de UNESCO.<\/p>\n\n\n\n<p>De laatste jaren is Dubrovnik vooral in trek bij de fans van de televisieserie <a href=\"https:\/\/nl.wikipedia.org\/wiki\/Game_of_Thrones\">Game of Thrones<\/a>. <br>Hierin werd het oude centrum van de stad gebruikt als decor voor de stad King&#8217;s Landing. <\/p>\n\n\n\n<figure class=\"wp-block-image size-large\"><a href=\"https:\/\/oldehanhoff.nl\/wp-content\/uploads\/2021\/12\/dubrovnik-printable-tourist-map-872041.png\" data-rel=\"lightbox-image-0\" data-rl_title=\"\" data-rl_caption=\"\" title=\"\"><img loading=\"lazy\" decoding=\"async\" width=\"1024\" height=\"692\" src=\"https:\/\/oldehanhoff.nl\/wp-content\/uploads\/2021\/12\/dubrovnik-printable-tourist-map-872041-1024x692.png\" alt=\"\" class=\"wp-image-23225\" srcset=\"https:\/\/oldehanhoff.nl\/wp-content\/uploads\/2021\/12\/dubrovnik-printable-tourist-map-872041-1024x692.png 1024w, https:\/\/oldehanhoff.nl\/wp-content\/uploads\/2021\/12\/dubrovnik-printable-tourist-map-872041-300x203.png 300w, https:\/\/oldehanhoff.nl\/wp-content\/uploads\/2021\/12\/dubrovnik-printable-tourist-map-872041-768x519.png 768w, https:\/\/oldehanhoff.nl\/wp-content\/uploads\/2021\/12\/dubrovnik-printable-tourist-map-872041-150x101.png 150w, https:\/\/oldehanhoff.nl\/wp-content\/uploads\/2021\/12\/dubrovnik-printable-tourist-map-872041.png 1530w\" sizes=\"auto, (max-width: 1024px) 100vw, 1024px\" \/><\/a><figcaption>Meer info: <a href=\"https:\/\/travel.sygic.com\/en\/map\/dubrovnik-printable-tourist-map-city:49\" target=\"_blank\" rel=\"noreferrer noopener\">https:\/\/travel.sygic.com\/en\/map\/dubrovnik-printable-tourist-map-city:49<\/a><\/figcaption><\/figure>\n","protected":false},"excerpt":{"rendered":"<p>Dubrovnik is een havenstad in Dalmati\u00eb, een regio in Kroati\u00eb, aan de Adriatische Zee.De stad is gelegen onder de berg Sr\u0111, wordt als een van de mooiste steden van de Adriatische kust beschouwd en wordt daarom ook wel de &#8216;Parel van de Adriatische Zee&#8217; genoemd. De oude, compleet ommuurde vestingstad\u2026<\/p>\n<p class=\"continue-reading-button\"> <a class=\"continue-reading-link\" href=\"https:\/\/oldehanhoff.nl\/?page_id=23223\">Lees verder<i class=\"crycon-right-dir\"><\/i><\/a><\/p>\n","protected":false},"author":1,"featured_media":0,"parent":40680,"menu_order":0,"comment_status":"closed","ping_status":"closed","template":"","meta":{"_uag_custom_page_level_css":"","footnotes":"","_links_to":"","_links_to_target":""},"class_list":["post-23223","page","type-page","status-publish","hentry"],"uagb_featured_image_src":{"full":false,"thumbnail":false,"medium":false,"medium_large":false,"large":false,"1536x1536":false,"2048x2048":false,"custom":false,"post-thumbnail":false,"header":false,"slider":false,"columns":false},"uagb_author_info":{"display_name":"Eddy","author_link":"https:\/\/oldehanhoff.nl\/?author=1"},"uagb_comment_info":0,"uagb_excerpt":"Dubrovnik is een havenstad in Dalmati\u00eb, een regio in Kroati\u00eb, aan de Adriatische Zee.De stad is gelegen onder de berg Sr\u0111, wordt als een van de mooiste steden van de Adriatische kust beschouwd en wordt daarom ook wel de &#8216;Parel van de Adriatische Zee&#8217; genoemd. De oude, compleet ommuurde vestingstad\u2026 Lees verder","_links":{"self":[{"href":"https:\/\/oldehanhoff.nl\/index.php?rest_route=\/wp\/v2\/pages\/23223","targetHints":{"allow":["GET"]}}],"collection":[{"href":"https:\/\/oldehanhoff.nl\/index.php?rest_route=\/wp\/v2\/pages"}],"about":[{"href":"https:\/\/oldehanhoff.nl\/index.php?rest_route=\/wp\/v2\/types\/page"}],"author":[{"embeddable":true,"href":"https:\/\/oldehanhoff.nl\/index.php?rest_route=\/wp\/v2\/users\/1"}],"replies":[{"embeddable":true,"href":"https:\/\/oldehanhoff.nl\/index.php?rest_route=%2Fwp%2Fv2%2Fcomments&post=23223"}],"version-history":[{"count":5,"href":"https:\/\/oldehanhoff.nl\/index.php?rest_route=\/wp\/v2\/pages\/23223\/revisions"}],"predecessor-version":[{"id":23244,"href":"https:\/\/oldehanhoff.nl\/index.php?rest_route=\/wp\/v2\/pages\/23223\/revisions\/23244"}],"up":[{"embeddable":true,"href":"https:\/\/oldehanhoff.nl\/index.php?rest_route=\/wp\/v2\/pages\/40680"}],"wp:attachment":[{"href":"https:\/\/oldehanhoff.nl\/index.php?rest_route=%2Fwp%2Fv2%2Fmedia&parent=23223"}],"curies":[{"name":"wp","href":"https:\/\/api.w.org\/{rel}","templated":true}]}}