{"id":22195,"date":"2021-10-26T18:07:14","date_gmt":"2021-10-26T16:07:14","guid":{"rendered":"https:\/\/oldehanhoff.nl\/?page_id=22195"},"modified":"2021-10-27T19:45:46","modified_gmt":"2021-10-27T17:45:46","slug":"brooklands-museum","status":"publish","type":"page","link":"https:\/\/oldehanhoff.nl\/?page_id=22195","title":{"rendered":"Brooklands Museum"},"content":{"rendered":"\n<figure class=\"wp-block-image size-full is-resized\"><img decoding=\"async\" src=\"https:\/\/oldehanhoff.nl\/wp-content\/uploads\/2021\/10\/The_Club_House_Brooklands_-_geograph.org_.uk_-_4733471.jpg\" alt=\"\" class=\"wp-image-22215\" width=\"800\" srcset=\"https:\/\/oldehanhoff.nl\/wp-content\/uploads\/2021\/10\/The_Club_House_Brooklands_-_geograph.org_.uk_-_4733471.jpg 640w, https:\/\/oldehanhoff.nl\/wp-content\/uploads\/2021\/10\/The_Club_House_Brooklands_-_geograph.org_.uk_-_4733471-300x225.jpg 300w, https:\/\/oldehanhoff.nl\/wp-content\/uploads\/2021\/10\/The_Club_House_Brooklands_-_geograph.org_.uk_-_4733471-150x113.jpg 150w\" sizes=\"(max-width: 640px) 100vw, 640px\" \/><\/figure>\n\n\n\n<p>Het Brooklands Museum is een auto- en luchtvaartmuseum dat een deel van de voormalige Brooklands -motorracebaan in Weybridge , Surrey, Engeland beslaat.<\/p>\n\n\n\n<figure class=\"wp-block-image size-large\"><a href=\"https:\/\/oldehanhoff.nl\/wp-content\/uploads\/2021\/10\/map-bk41-scaled.jpg\" data-rel=\"lightbox-image-0\" data-rl_title=\"\" data-rl_caption=\"\" title=\"\"><img loading=\"lazy\" decoding=\"async\" width=\"1024\" height=\"488\" src=\"https:\/\/oldehanhoff.nl\/wp-content\/uploads\/2021\/10\/map-bk41-1024x488.jpg\" alt=\"\" class=\"wp-image-22201\" srcset=\"https:\/\/oldehanhoff.nl\/wp-content\/uploads\/2021\/10\/map-bk41-1024x488.jpg 1024w, https:\/\/oldehanhoff.nl\/wp-content\/uploads\/2021\/10\/map-bk41-300x143.jpg 300w, https:\/\/oldehanhoff.nl\/wp-content\/uploads\/2021\/10\/map-bk41-768x366.jpg 768w, https:\/\/oldehanhoff.nl\/wp-content\/uploads\/2021\/10\/map-bk41-1536x732.jpg 1536w, https:\/\/oldehanhoff.nl\/wp-content\/uploads\/2021\/10\/map-bk41-2048x976.jpg 2048w, https:\/\/oldehanhoff.nl\/wp-content\/uploads\/2021\/10\/map-bk41-150x71.jpg 150w\" sizes=\"auto, (max-width: 1024px) 100vw, 1024px\" \/><\/a><\/figure>\n\n\n\n<p>Brooklands was de geboorteplaats van de Britse autosport en luchtvaart en de locatie van vele technische en technologische prestaties gedurende acht decennia van de 20e eeuw. Het racecircuit werd gebouwd door de lokale landeigenaar Hugh F. Locke King in 1907 en was het eerste speciaal gebouwde racecircuit ter wereld. Daar werden veel records gevestigd. Veel luchtvaartprimeurs worden ook geassocieerd met Brooklands, dat al snel een van de eerste vliegvelden van Groot-Brittanni\u00eb werd. Het trok v\u00f3\u00f3r de veel luchtvaartpioniers aan Eerste Wereldoorlog en was ook een toonaangevend centrum voor het ontwerpen en produceren van vliegtuigen in de 20e eeuw, met een opmerkelijk totaal van zo&#8217;n 18.600 nieuwe vliegtuigen van bijna 260 typen tussen 1908 en 1987.<\/p>\n\n\n\n<figure class=\"wp-block-image size-full\"><img loading=\"lazy\" decoding=\"async\" width=\"800\" height=\"864\" src=\"https:\/\/oldehanhoff.nl\/wp-content\/uploads\/2021\/10\/800px-Brooklands_Circuit_Layout.svg1_.png\" alt=\"\" class=\"wp-image-22222\" srcset=\"https:\/\/oldehanhoff.nl\/wp-content\/uploads\/2021\/10\/800px-Brooklands_Circuit_Layout.svg1_.png 800w, https:\/\/oldehanhoff.nl\/wp-content\/uploads\/2021\/10\/800px-Brooklands_Circuit_Layout.svg1_-278x300.png 278w, https:\/\/oldehanhoff.nl\/wp-content\/uploads\/2021\/10\/800px-Brooklands_Circuit_Layout.svg1_-768x829.png 768w, https:\/\/oldehanhoff.nl\/wp-content\/uploads\/2021\/10\/800px-Brooklands_Circuit_Layout.svg1_-139x150.png 139w\" sizes=\"auto, (max-width: 800px) 100vw, 800px\" \/><\/figure>\n\n\n\n<p>Het museum bevindt zich op 12 ha van het oorspronkelijke autoracecircuit uit 1907. Het omvat vier monumentale gebouwen: het Brooklands Automobile Racing Club Clubhouse uit 1907 en het Hill Restaurant-gebouw voor leden, het Flight Ticket Office uit 1911 en een 1940 Bellman- vliegtuighangar uit . Overlevende delen van het Campbell Circuit uit 1937, de Finishing Straight en Members&#8217; Banking uit 1907 (het steilste deel van het voormalige racecircuit), de Test Hill uit 1909 en een WW2 &#8216; Bofors&#8217; -kanontoren zijn allemaal belangrijke onderdelen van het Brooklands Scheduled Monument dat werd uitgebreid in 2002. De hele Brooklands-site werd door aangewezen als beschermd gebied Surrey County Council in 1989 .<\/p>\n\n\n\n<figure class=\"wp-block-image size-full is-resized\"><img decoding=\"async\" src=\"https:\/\/oldehanhoff.nl\/wp-content\/uploads\/2021\/10\/Members_Bridge_banking_race_track1.jpg\" alt=\"\" class=\"wp-image-22218\" width=\"800\" srcset=\"https:\/\/oldehanhoff.nl\/wp-content\/uploads\/2021\/10\/Members_Bridge_banking_race_track1.jpg 662w, https:\/\/oldehanhoff.nl\/wp-content\/uploads\/2021\/10\/Members_Bridge_banking_race_track1-300x209.jpg 300w, https:\/\/oldehanhoff.nl\/wp-content\/uploads\/2021\/10\/Members_Bridge_banking_race_track1-150x104.jpg 150w\" sizes=\"(max-width: 662px) 100vw, 662px\" \/><\/figure>\n\n\n\n<p>Het museum is dagelijks geopend en toont een breed scala aan Brooklands-gerelateerde auto- en luchtvaartexposities, vari\u00ebrend van gigantische raceauto&#8217;s zoals de 24-liter Napier-Railton , motorfietsen en fietsen tot een unieke collectie van Hawker en Vickers \/ British Aircraft Corporation &#8211; gebouwde vliegtuigen waaronder Concorde ( G-BBDG ).<\/p>\n\n\n\n<figure class=\"wp-block-image size-large\"><img loading=\"lazy\" decoding=\"async\" width=\"1024\" height=\"575\" src=\"https:\/\/oldehanhoff.nl\/wp-content\/uploads\/2021\/10\/1920px-British_Airways_Concorde_at_Brooklands_Museum1-1024x575.jpg\" alt=\"\" class=\"wp-image-22216\" srcset=\"https:\/\/oldehanhoff.nl\/wp-content\/uploads\/2021\/10\/1920px-British_Airways_Concorde_at_Brooklands_Museum1-1024x575.jpg 1024w, https:\/\/oldehanhoff.nl\/wp-content\/uploads\/2021\/10\/1920px-British_Airways_Concorde_at_Brooklands_Museum1-300x169.jpg 300w, https:\/\/oldehanhoff.nl\/wp-content\/uploads\/2021\/10\/1920px-British_Airways_Concorde_at_Brooklands_Museum1-768x432.jpg 768w, https:\/\/oldehanhoff.nl\/wp-content\/uploads\/2021\/10\/1920px-British_Airways_Concorde_at_Brooklands_Museum1-1536x863.jpg 1536w, https:\/\/oldehanhoff.nl\/wp-content\/uploads\/2021\/10\/1920px-British_Airways_Concorde_at_Brooklands_Museum1-150x84.jpg 150w, https:\/\/oldehanhoff.nl\/wp-content\/uploads\/2021\/10\/1920px-British_Airways_Concorde_at_Brooklands_Museum1.jpg 1920w\" sizes=\"auto, (max-width: 1024px) 100vw, 1024px\" \/><\/figure>\n\n\n\n<figure class=\"wp-block-image size-large\"><img loading=\"lazy\" decoding=\"async\" width=\"1024\" height=\"768\" src=\"https:\/\/oldehanhoff.nl\/wp-content\/uploads\/2021\/10\/1280px-Napier_Railton_@_Brooklands_Museum1-1024x768.jpg\" alt=\"\" class=\"wp-image-22217\" srcset=\"https:\/\/oldehanhoff.nl\/wp-content\/uploads\/2021\/10\/1280px-Napier_Railton_@_Brooklands_Museum1-1024x768.jpg 1024w, https:\/\/oldehanhoff.nl\/wp-content\/uploads\/2021\/10\/1280px-Napier_Railton_@_Brooklands_Museum1-300x225.jpg 300w, https:\/\/oldehanhoff.nl\/wp-content\/uploads\/2021\/10\/1280px-Napier_Railton_@_Brooklands_Museum1-768x576.jpg 768w, https:\/\/oldehanhoff.nl\/wp-content\/uploads\/2021\/10\/1280px-Napier_Railton_@_Brooklands_Museum1-150x113.jpg 150w, https:\/\/oldehanhoff.nl\/wp-content\/uploads\/2021\/10\/1280px-Napier_Railton_@_Brooklands_Museum1.jpg 1280w\" sizes=\"auto, (max-width: 1024px) 100vw, 1024px\" \/><\/figure>\n\n\n\n<figure class=\"wp-block-embed is-type-video is-provider-youtube wp-block-embed-youtube wp-embed-aspect-16-9 wp-has-aspect-ratio\"><div class=\"wp-block-embed__wrapper\">\n<iframe loading=\"lazy\" title=\"Brooklands Museum\" width=\"900\" height=\"506\" src=\"https:\/\/www.youtube.com\/embed\/GuhJuZtUG9M?feature=oembed\" frameborder=\"0\" allow=\"accelerometer; autoplay; clipboard-write; encrypted-media; gyroscope; picture-in-picture\" allowfullscreen><\/iframe>\n<\/div><\/figure>\n\n\n\n<h5 class=\"wp-block-heading\">Meer<strong> info:<\/strong><\/h5>\n\n\n\n<ul class=\"wp-block-list\"><li>https:\/\/www.racingcircuits.info\/europe\/united-kingdom\/brooklands.html<\/li><li>https:\/\/en.wikipedia.org\/wiki\/Brooklands<\/li><li>https:\/\/en.wikipedia.org\/wiki\/Brooklands_Museum<\/li><li>http:\/\/www.brooklandsmuseum.com\/<\/li><li>https:\/\/twitter.com\/BrooklandsMuseu<\/li><li>https:\/\/www.facebook.com\/Brooklandsmuseum\/<\/li><li>https:\/\/www.atlasobscura.com\/places\/brooklands-racetrack-remains<\/li><li>https:\/\/www.circuitsofthepast.nl\/circuit-brooklands\/<\/li><\/ul>\n\n\n\n<figure class=\"wp-block-embed is-type-video is-provider-youtube wp-block-embed-youtube wp-embed-aspect-16-9 wp-has-aspect-ratio\"><div class=\"wp-block-embed__wrapper\">\n<iframe loading=\"lazy\" title=\"The surviving parts of the Brooklands Race Track June 2017 from above, in 4k UHD\" width=\"900\" height=\"506\" src=\"https:\/\/www.youtube.com\/embed\/YHHbQ-s_0pM?feature=oembed\" frameborder=\"0\" allow=\"accelerometer; autoplay; clipboard-write; encrypted-media; gyroscope; picture-in-picture\" allowfullscreen><\/iframe>\n<\/div><\/figure>\n\n\n<p><a name=\"Brooklands-OV\"><\/a><\/p>\n\n\n<p><strong>Met het OV naar Brooklands<\/strong><\/p>\n\n\n\n<p>Het Brooklands Museum is gemakkelijk bereikbaar met het Openbaar Vervoer vanuit London<br>Het dichtstbijzijnde station is Weybridge, welke zich op minder dan 1 mijl afstand bevind van het museum.<br>Station Weybridge is bereikbaar via de Woking naar Waterloo en Staines naar Weybridge lines.<\/p>\n\n\n\n<p>Meer info: <a href=\"https:\/\/www.brooklandsmuseum.com\/your-visit\/getting-here\" target=\"_blank\" rel=\"noreferrer noopener\">https:\/\/www.brooklandsmuseum.com\/your-visit\/getting-here<\/a><\/p>\n","protected":false},"excerpt":{"rendered":"<p>Het Brooklands Museum is een auto- en luchtvaartmuseum dat een deel van de voormalige Brooklands -motorracebaan in Weybridge , Surrey, Engeland beslaat. Brooklands was de geboorteplaats van de Britse autosport en luchtvaart en de locatie van vele technische en technologische prestaties gedurende acht decennia van de 20e eeuw. Het racecircuit\u2026<\/p>\n<p class=\"continue-reading-button\"> <a class=\"continue-reading-link\" href=\"https:\/\/oldehanhoff.nl\/?page_id=22195\">Lees verder<i class=\"crycon-right-dir\"><\/i><\/a><\/p>\n","protected":false},"author":1,"featured_media":7463,"parent":7968,"menu_order":0,"comment_status":"closed","ping_status":"closed","template":"","meta":{"_uag_custom_page_level_css":"","footnotes":"","_links_to":"","_links_to_target":""},"class_list":["post-22195","page","type-page","status-publish","has-post-thumbnail","hentry"],"uagb_featured_image_src":{"full":["https:\/\/oldehanhoff.nl\/wp-content\/uploads\/2019\/12\/ELBPiEJX0AA6mhJ.jpg",2000,1125,false],"thumbnail":["https:\/\/oldehanhoff.nl\/wp-content\/uploads\/2019\/12\/ELBPiEJX0AA6mhJ-150x150.jpg",150,150,true],"medium":["https:\/\/oldehanhoff.nl\/wp-content\/uploads\/2019\/12\/ELBPiEJX0AA6mhJ-300x169.jpg",300,169,true],"medium_large":["https:\/\/oldehanhoff.nl\/wp-content\/uploads\/2019\/12\/ELBPiEJX0AA6mhJ-768x432.jpg",768,432,true],"large":["https:\/\/oldehanhoff.nl\/wp-content\/uploads\/2019\/12\/ELBPiEJX0AA6mhJ-1024x576.jpg",900,506,true],"1536x1536":["https:\/\/oldehanhoff.nl\/wp-content\/uploads\/2019\/12\/ELBPiEJX0AA6mhJ-1536x864.jpg",1536,864,true],"2048x2048":["https:\/\/oldehanhoff.nl\/wp-content\/uploads\/2019\/12\/ELBPiEJX0AA6mhJ.jpg",2000,1125,false],"custom":["https:\/\/oldehanhoff.nl\/wp-content\/uploads\/2019\/12\/ELBPiEJX0AA6mhJ-780x350.jpg",780,350,true],"post-thumbnail":["https:\/\/oldehanhoff.nl\/wp-content\/uploads\/2019\/12\/ELBPiEJX0AA6mhJ-150x84.jpg",150,84,true],"header":["https:\/\/oldehanhoff.nl\/wp-content\/uploads\/2019\/12\/ELBPiEJX0AA6mhJ-1180x140.jpg",1180,140,true],"slider":["https:\/\/oldehanhoff.nl\/wp-content\/uploads\/2019\/12\/ELBPiEJX0AA6mhJ-1180x410.jpg",1180,410,true],"columns":["https:\/\/oldehanhoff.nl\/wp-content\/uploads\/2019\/12\/ELBPiEJX0AA6mhJ-327x201.jpg",327,201,true]},"uagb_author_info":{"display_name":"Eddy","author_link":"https:\/\/oldehanhoff.nl\/?author=1"},"uagb_comment_info":0,"uagb_excerpt":"Het Brooklands Museum is een auto- en luchtvaartmuseum dat een deel van de voormalige Brooklands -motorracebaan in Weybridge , Surrey, Engeland beslaat. Brooklands was de geboorteplaats van de Britse autosport en luchtvaart en de locatie van vele technische en technologische prestaties gedurende acht decennia van de 20e eeuw. Het racecircuit\u2026 Lees verder","_links":{"self":[{"href":"https:\/\/oldehanhoff.nl\/index.php?rest_route=\/wp\/v2\/pages\/22195","targetHints":{"allow":["GET"]}}],"collection":[{"href":"https:\/\/oldehanhoff.nl\/index.php?rest_route=\/wp\/v2\/pages"}],"about":[{"href":"https:\/\/oldehanhoff.nl\/index.php?rest_route=\/wp\/v2\/types\/page"}],"author":[{"embeddable":true,"href":"https:\/\/oldehanhoff.nl\/index.php?rest_route=\/wp\/v2\/users\/1"}],"replies":[{"embeddable":true,"href":"https:\/\/oldehanhoff.nl\/index.php?rest_route=%2Fwp%2Fv2%2Fcomments&post=22195"}],"version-history":[{"count":11,"href":"https:\/\/oldehanhoff.nl\/index.php?rest_route=\/wp\/v2\/pages\/22195\/revisions"}],"predecessor-version":[{"id":22230,"href":"https:\/\/oldehanhoff.nl\/index.php?rest_route=\/wp\/v2\/pages\/22195\/revisions\/22230"}],"up":[{"embeddable":true,"href":"https:\/\/oldehanhoff.nl\/index.php?rest_route=\/wp\/v2\/pages\/7968"}],"wp:featuredmedia":[{"embeddable":true,"href":"https:\/\/oldehanhoff.nl\/index.php?rest_route=\/wp\/v2\/media\/7463"}],"wp:attachment":[{"href":"https:\/\/oldehanhoff.nl\/index.php?rest_route=%2Fwp%2Fv2%2Fmedia&parent=22195"}],"curies":[{"name":"wp","href":"https:\/\/api.w.org\/{rel}","templated":true}]}}