{"id":15224,"date":"2020-12-14T15:44:32","date_gmt":"2020-12-14T14:44:32","guid":{"rendered":"https:\/\/oldehanhoff.nl\/?page_id=15224"},"modified":"2020-12-14T17:17:20","modified_gmt":"2020-12-14T16:17:20","slug":"kabouters-van-wroclaw","status":"publish","type":"page","link":"https:\/\/oldehanhoff.nl\/?page_id=15224","title":{"rendered":"Kabouters van Wroc\u0142aw"},"content":{"rendered":"\n<div class=\"wp-block-image\"><figure class=\"alignleft size-large is-resized\"><img decoding=\"async\" src=\"https:\/\/oldehanhoff.nl\/wp-content\/uploads\/2020\/12\/800px-Krasnal-Wroclaw-ulSwidnicka1-712x1024.jpg\" alt=\"\" class=\"wp-image-15226\" width=\"300\" srcset=\"https:\/\/oldehanhoff.nl\/wp-content\/uploads\/2020\/12\/800px-Krasnal-Wroclaw-ulSwidnicka1-712x1024.jpg 712w, https:\/\/oldehanhoff.nl\/wp-content\/uploads\/2020\/12\/800px-Krasnal-Wroclaw-ulSwidnicka1-209x300.jpg 209w, https:\/\/oldehanhoff.nl\/wp-content\/uploads\/2020\/12\/800px-Krasnal-Wroclaw-ulSwidnicka1-768x1105.jpg 768w, https:\/\/oldehanhoff.nl\/wp-content\/uploads\/2020\/12\/800px-Krasnal-Wroclaw-ulSwidnicka1-104x150.jpg 104w, https:\/\/oldehanhoff.nl\/wp-content\/uploads\/2020\/12\/800px-Krasnal-Wroclaw-ulSwidnicka1.jpg 800w\" sizes=\"(max-width: 712px) 100vw, 712px\" \/><figcaption><em>Papa Krasnal<\/em>e<\/figcaption><\/figure><\/div>\n\n\n\n<p>De&nbsp;<strong>kabouters van Wroc\u0142aw<\/strong>&nbsp;(Pools:<em>Wroc\u0142awskie krasnale<\/em>) is een serie&nbsp;beelden&nbsp;van&nbsp;kabouters&nbsp;in de&nbsp;Poolse&nbsp;stad&nbsp;Wroc\u0142aw.<\/p>\n\n\n\n<p>Het eerste beeld werd in 2001 opgericht ter ere van de ludieke verzetsbeweging\u00a0<a href=\"https:\/\/nl.wikipedia.org\/wiki\/Oranje_Alternatief\" data-type=\"URL\" data-id=\"https:\/\/nl.wikipedia.org\/wiki\/Oranje_Alternatief\" target=\"_blank\" rel=\"noreferrer noopener\">Oranje Alternatief<\/a>, die de kabouter als symbool voerde. Deze heeft de naam <em>&#8220;Papa Krasnal<\/em>e&#8221; gekregen.<br>Sindsdien zijn er gaandeweg vele kleinere kabouterbeeldjes bijgeplaatst, verspreid over de stad. Er zijn momenteel meer dan 400.<\/p>\n\n\n\n<p>Veel kabouters zijn geplaatst door en bij bedrijven en kantoren, zoals restaurants, het bureau bevolkingsregister, de universiteit en op het dak van een tram. <\/p>\n\n\n\n<div class=\"wp-block-image\"><figure class=\"alignright size-large is-resized\"><img decoding=\"async\" src=\"https:\/\/oldehanhoff.nl\/wp-content\/uploads\/2020\/12\/Turysta1.jpg\" alt=\"\" class=\"wp-image-15235\" width=\"300\" srcset=\"https:\/\/oldehanhoff.nl\/wp-content\/uploads\/2020\/12\/Turysta1.jpg 720w, https:\/\/oldehanhoff.nl\/wp-content\/uploads\/2020\/12\/Turysta1-225x300.jpg 225w, https:\/\/oldehanhoff.nl\/wp-content\/uploads\/2020\/12\/Turysta1-113x150.jpg 113w\" sizes=\"(max-width: 720px) 100vw, 720px\" \/><figcaption><em>Turysta<\/em><\/figcaption><\/figure><\/div>\n\n\n\n<p>In drie straten zijn series in de lantaarnpalen klimmende kabouters geplaatst onder de naam\u00a0<em>S\u0142upniki<\/em>. Ook in een fontein bij het &#8220;Poppentheater&#8221; bevinden zich zeven kabouters. <br>In 2008 zijn drie vrouwelijke kabouters geplaatst. De vierde vrouwelijke kabouter is geplaatst in 2009. Een groep van acht kabouters werd in 2010 in\u00a0Pasa\u017c Grunwaldzki\u00a0(een winkelcentrum aan\u00a0plac Grunwaldzki) geplaatst.<\/p>\n\n\n\n<p>Vaak zijn de kabouters geplaatst op plekken waar je als mens zijnde niet snel kijkt. Wel zijn ze uitgebeeld in een tavereeltje passend bij de locatie.<\/p>\n\n\n\n<p>Jaarlijks word er in september in Wroclaw het &#8221; kabouter festival&#8221; gehouden.<\/p>\n\n\n\n<h6 class=\"wp-block-heading\">Meer info:<\/h6>\n\n\n\n<ul class=\"wp-block-list\"><li><a rel=\"noreferrer noopener\" href=\"http:\/\/krasnale.pl\/\" data-type=\"URL\" data-id=\"http:\/\/krasnale.pl\/\" target=\"_blank\">Krasnale.pl<\/a><\/li><\/ul>\n\n\n\n<figure class=\"wp-block-gallery columns-3 is-cropped wp-block-gallery-1 is-layout-flex wp-block-gallery-is-layout-flex\"><ul class=\"blocks-gallery-grid\"><li class=\"blocks-gallery-item\"><figure><img loading=\"lazy\" decoding=\"async\" width=\"600\" height=\"900\" src=\"https:\/\/oldehanhoff.nl\/wp-content\/uploads\/2020\/12\/600px-Papa_Het_Papa_Het_Wroclaw_dwarf_011.jpg\" alt=\"\" data-id=\"15240\" data-link=\"https:\/\/oldehanhoff.nl\/?attachment_id=15240\" class=\"wp-image-15240\" srcset=\"https:\/\/oldehanhoff.nl\/wp-content\/uploads\/2020\/12\/600px-Papa_Het_Papa_Het_Wroclaw_dwarf_011.jpg 600w, https:\/\/oldehanhoff.nl\/wp-content\/uploads\/2020\/12\/600px-Papa_Het_Papa_Het_Wroclaw_dwarf_011-200x300.jpg 200w, https:\/\/oldehanhoff.nl\/wp-content\/uploads\/2020\/12\/600px-Papa_Het_Papa_Het_Wroclaw_dwarf_011-100x150.jpg 100w\" sizes=\"auto, (max-width: 600px) 100vw, 600px\" \/><figcaption class=\"blocks-gallery-item__caption\">Papa Het<\/figcaption><\/figure><\/li><li class=\"blocks-gallery-item\"><figure><img loading=\"lazy\" decoding=\"async\" width=\"683\" height=\"1024\" src=\"https:\/\/oldehanhoff.nl\/wp-content\/uploads\/2020\/12\/Narzedziownik_Handyman_Wroclaw_dwarf_011-683x1024.jpg\" alt=\"\" data-id=\"15241\" data-link=\"https:\/\/oldehanhoff.nl\/?attachment_id=15241\" class=\"wp-image-15241\" srcset=\"https:\/\/oldehanhoff.nl\/wp-content\/uploads\/2020\/12\/Narzedziownik_Handyman_Wroclaw_dwarf_011-683x1024.jpg 683w, https:\/\/oldehanhoff.nl\/wp-content\/uploads\/2020\/12\/Narzedziownik_Handyman_Wroclaw_dwarf_011-200x300.jpg 200w, https:\/\/oldehanhoff.nl\/wp-content\/uploads\/2020\/12\/Narzedziownik_Handyman_Wroclaw_dwarf_011-768x1152.jpg 768w, https:\/\/oldehanhoff.nl\/wp-content\/uploads\/2020\/12\/Narzedziownik_Handyman_Wroclaw_dwarf_011-1024x1536.jpg 1024w, https:\/\/oldehanhoff.nl\/wp-content\/uploads\/2020\/12\/Narzedziownik_Handyman_Wroclaw_dwarf_011-1365x2048.jpg 1365w, https:\/\/oldehanhoff.nl\/wp-content\/uploads\/2020\/12\/Narzedziownik_Handyman_Wroclaw_dwarf_011-100x150.jpg 100w, https:\/\/oldehanhoff.nl\/wp-content\/uploads\/2020\/12\/Narzedziownik_Handyman_Wroclaw_dwarf_011-scaled.jpg 1707w\" sizes=\"auto, (max-width: 683px) 100vw, 683px\" \/><figcaption class=\"blocks-gallery-item__caption\">Narz\u0119dziownik (Handyman)<\/figcaption><\/figure><\/li><li class=\"blocks-gallery-item\"><figure><img loading=\"lazy\" decoding=\"async\" width=\"1024\" height=\"886\" src=\"https:\/\/oldehanhoff.nl\/wp-content\/uploads\/2020\/12\/Wroclaw_Krasnal_Harfus1-1024x886.jpg\" alt=\"\" data-id=\"15242\" data-link=\"https:\/\/oldehanhoff.nl\/?attachment_id=15242\" class=\"wp-image-15242\" srcset=\"https:\/\/oldehanhoff.nl\/wp-content\/uploads\/2020\/12\/Wroclaw_Krasnal_Harfus1-1024x886.jpg 1024w, https:\/\/oldehanhoff.nl\/wp-content\/uploads\/2020\/12\/Wroclaw_Krasnal_Harfus1-300x260.jpg 300w, https:\/\/oldehanhoff.nl\/wp-content\/uploads\/2020\/12\/Wroclaw_Krasnal_Harfus1-768x665.jpg 768w, https:\/\/oldehanhoff.nl\/wp-content\/uploads\/2020\/12\/Wroclaw_Krasnal_Harfus1-1536x1329.jpg 1536w, https:\/\/oldehanhoff.nl\/wp-content\/uploads\/2020\/12\/Wroclaw_Krasnal_Harfus1-150x130.jpg 150w, https:\/\/oldehanhoff.nl\/wp-content\/uploads\/2020\/12\/Wroclaw_Krasnal_Harfus1.jpg 1700w\" sizes=\"auto, (max-width: 1024px) 100vw, 1024px\" \/><figcaption class=\"blocks-gallery-item__caption\">Kolarz &#8211; Harfu\u015b<\/figcaption><\/figure><\/li><li class=\"blocks-gallery-item\"><figure><img loading=\"lazy\" decoding=\"async\" width=\"768\" height=\"1024\" src=\"https:\/\/oldehanhoff.nl\/wp-content\/uploads\/2020\/12\/1200px-Bardus-krasnal1-768x1024.jpg\" alt=\"\" data-id=\"15243\" data-link=\"https:\/\/oldehanhoff.nl\/?attachment_id=15243\" class=\"wp-image-15243\" srcset=\"https:\/\/oldehanhoff.nl\/wp-content\/uploads\/2020\/12\/1200px-Bardus-krasnal1-768x1024.jpg 768w, https:\/\/oldehanhoff.nl\/wp-content\/uploads\/2020\/12\/1200px-Bardus-krasnal1-225x300.jpg 225w, https:\/\/oldehanhoff.nl\/wp-content\/uploads\/2020\/12\/1200px-Bardus-krasnal1-1152x1536.jpg 1152w, https:\/\/oldehanhoff.nl\/wp-content\/uploads\/2020\/12\/1200px-Bardus-krasnal1-113x150.jpg 113w, https:\/\/oldehanhoff.nl\/wp-content\/uploads\/2020\/12\/1200px-Bardus-krasnal1.jpg 1200w\" sizes=\"auto, (max-width: 768px) 100vw, 768px\" \/><figcaption class=\"blocks-gallery-item__caption\">Bardu\u015b<\/figcaption><\/figure><\/li><li class=\"blocks-gallery-item\"><figure><img loading=\"lazy\" decoding=\"async\" width=\"384\" height=\"512\" src=\"https:\/\/oldehanhoff.nl\/wp-content\/uploads\/2020\/12\/unnamed-1.jpg\" alt=\"\" data-id=\"15244\" data-full-url=\"https:\/\/oldehanhoff.nl\/wp-content\/uploads\/2020\/12\/unnamed-1.jpg\" data-link=\"https:\/\/oldehanhoff.nl\/?attachment_id=15244\" class=\"wp-image-15244\" srcset=\"https:\/\/oldehanhoff.nl\/wp-content\/uploads\/2020\/12\/unnamed-1.jpg 384w, https:\/\/oldehanhoff.nl\/wp-content\/uploads\/2020\/12\/unnamed-1-225x300.jpg 225w, https:\/\/oldehanhoff.nl\/wp-content\/uploads\/2020\/12\/unnamed-1-113x150.jpg 113w\" sizes=\"auto, (max-width: 384px) 100vw, 384px\" \/><figcaption class=\"blocks-gallery-item__caption\">Panna M\u0142oda i Pan M\u0142ody<\/figcaption><\/figure><\/li><\/ul><\/figure>\n\n\n\n<p><iframe loading=\"lazy\" src=\"https:\/\/www.google.com\/maps\/d\/embed?mid=14-SSxPEWy7-vp8CMkKtDfhQkd50&amp;hl=pl%3D\" width=\"750\" height=\"480\"><\/iframe><\/p>\n","protected":false},"excerpt":{"rendered":"<p>De&nbsp;kabouters van Wroc\u0142aw&nbsp;(Pools:Wroc\u0142awskie krasnale) is een serie&nbsp;beelden&nbsp;van&nbsp;kabouters&nbsp;in de&nbsp;Poolse&nbsp;stad&nbsp;Wroc\u0142aw. Het eerste beeld werd in 2001 opgericht ter ere van de ludieke verzetsbeweging\u00a0Oranje Alternatief, die de kabouter als symbool voerde. Deze heeft de naam &#8220;Papa Krasnale&#8221; gekregen.Sindsdien zijn er gaandeweg vele kleinere kabouterbeeldjes bijgeplaatst, verspreid over de stad. Er zijn momenteel meer\u2026<\/p>\n<p class=\"continue-reading-button\"> <a class=\"continue-reading-link\" href=\"https:\/\/oldehanhoff.nl\/?page_id=15224\">Lees verder<i class=\"crycon-right-dir\"><\/i><\/a><\/p>\n","protected":false},"author":1,"featured_media":0,"parent":15108,"menu_order":0,"comment_status":"closed","ping_status":"closed","template":"","meta":{"_uag_custom_page_level_css":"","footnotes":"","_links_to":"","_links_to_target":""},"class_list":["post-15224","page","type-page","status-publish","hentry"],"uagb_featured_image_src":{"full":false,"thumbnail":false,"medium":false,"medium_large":false,"large":false,"1536x1536":false,"2048x2048":false,"custom":false,"post-thumbnail":false,"header":false,"slider":false,"columns":false},"uagb_author_info":{"display_name":"Eddy","author_link":"https:\/\/oldehanhoff.nl\/?author=1"},"uagb_comment_info":0,"uagb_excerpt":"De&nbsp;kabouters van Wroc\u0142aw&nbsp;(Pools:Wroc\u0142awskie krasnale) is een serie&nbsp;beelden&nbsp;van&nbsp;kabouters&nbsp;in de&nbsp;Poolse&nbsp;stad&nbsp;Wroc\u0142aw. Het eerste beeld werd in 2001 opgericht ter ere van de ludieke verzetsbeweging\u00a0Oranje Alternatief, die de kabouter als symbool voerde. Deze heeft de naam &#8220;Papa Krasnale&#8221; gekregen.Sindsdien zijn er gaandeweg vele kleinere kabouterbeeldjes bijgeplaatst, verspreid over de stad. Er zijn momenteel meer\u2026 Lees verder","_links":{"self":[{"href":"https:\/\/oldehanhoff.nl\/index.php?rest_route=\/wp\/v2\/pages\/15224","targetHints":{"allow":["GET"]}}],"collection":[{"href":"https:\/\/oldehanhoff.nl\/index.php?rest_route=\/wp\/v2\/pages"}],"about":[{"href":"https:\/\/oldehanhoff.nl\/index.php?rest_route=\/wp\/v2\/types\/page"}],"author":[{"embeddable":true,"href":"https:\/\/oldehanhoff.nl\/index.php?rest_route=\/wp\/v2\/users\/1"}],"replies":[{"embeddable":true,"href":"https:\/\/oldehanhoff.nl\/index.php?rest_route=%2Fwp%2Fv2%2Fcomments&post=15224"}],"version-history":[{"count":9,"href":"https:\/\/oldehanhoff.nl\/index.php?rest_route=\/wp\/v2\/pages\/15224\/revisions"}],"predecessor-version":[{"id":15246,"href":"https:\/\/oldehanhoff.nl\/index.php?rest_route=\/wp\/v2\/pages\/15224\/revisions\/15246"}],"up":[{"embeddable":true,"href":"https:\/\/oldehanhoff.nl\/index.php?rest_route=\/wp\/v2\/pages\/15108"}],"wp:attachment":[{"href":"https:\/\/oldehanhoff.nl\/index.php?rest_route=%2Fwp%2Fv2%2Fmedia&parent=15224"}],"curies":[{"name":"wp","href":"https:\/\/api.w.org\/{rel}","templated":true}]}}